units digit of q?
9
Suppose 0 = -d + 7. Let n = 4 + d. What is the units digit of n?
1
Let t(a) = a**2 + 2*a - 3. Suppose w = 2*w + 3, -3*w - 5 = 2*l. Let q be 6/4 + l/4. What is the units digit of t(q)?
5
Suppose 9*o - 3*o - 534 = 0. What is the units digit of o?
9
Let s = 64 + 94. What is the hundreds digit of s?
1
Suppose d = -h + 16, -d - h = -5*d + 74. Let c be (2/2)/(3/d). Suppose 0 = -u + c - 0. What is the units digit of u?
6
Suppose 4*o - o = -4*x + 63, 2*x - 2*o - 28 = 0. Let d(h) = h**2 - 14*h - 8. What is the units digit of d(x)?
7
Let i(w) = -w**3 - 6*w**2 - 2*w - 8. Let b be (-40)/7 - (-2)/(-7). What is the units digit of i(b)?
4
Suppose -2*r - 2 - 2 = 0, 4*g = 2*r + 460. What is the tens digit of g?
1
Let p = 0 - -13. Suppose -k = -p - 16. What is the units digit of k?
9
Suppose -2*o + 4*u + 38 = 0, 2*u - 4*u = 2. What is the tens digit of o?
1
Let q = -10 - -17. What is the units digit of q?
7
Let u(w) = 9*w - 27. What is the units digit of u(22)?
1
Let v(m) = m + 2. Let t be v(6). What is the units digit of t - 1*(-2)/(-1)?
6
Let d(k) be the first derivative of k**3/3 + k**2/2 + 11*k + 3. Suppose 4*z + 4 = v - 2*v, v = z - 4. What is the units digit of d(z)?
1
Suppose 0 = -4*h + 2*h + 4. Let k be (1 + -3)/(h/9). Let s = -1 - k. What is the units digit of s?
8
Suppose -6*s + 70 = -4*s. What is the tens digit of s?
3
Suppose 0 = 2*s + 5*a - 71, 0*s = 4*s + a - 97. Suppose -4*y - 36 = -136. Suppose 3*l + 5*k = s + y, -3*l + 48 = k. What is the units digit of l?
6
Let p = 0 - -1. Let o(n) be the third derivative of n**5/60 + n**3/6 - n**2. What is the units digit of o(p)?
2
Suppose 3*u = 5*y - 1685, -3*u = 2*y - 0*u - 653. What is the units digit of y?
4
Let b = -6 - -5. Let q be (b - 6/1)/1. What is the units digit of 2/q + (-58)/(-7)?
8
Let q(f) be the third derivative of -f**5/60 + f**4/3 - f**3 - 5*f**2. What is the units digit of q(6)?
6
Suppose -21*f + 15*f = -1206. What is the tens digit of f?
0
Suppose 2*n - 2*s = -4*s + 2, -3 = -3*s. Suppose -5*v = 2*z - 3*z - 153, 5*v + 3*z - 141 = n. What is the units digit of v?
0
Let c = -14 + -7. Let f = 35 + c. What is the tens digit of f?
1
What is the tens digit of 1/1 - -1*(55 + -2)?
5
Suppose -973 = -5*d - 273. What is the tens digit of d?
4
Let t(g) = 4*g**3 + g**2 + g - 2. Let a be (-1)/(1 + 4/(-3)). Let h(y) = 5*y**3 - 3. Let n(z) = a*h(z) - 4*t(z). What is the units digit of n(-3)?
2
Suppose 1 - 5 = -4*l. Let m be 2*(3/2 + l). Let o(j) = j**3 - 5*j**2 + j - 2. What is the units digit of o(m)?
3
Let b be ((-15)/(-12))/(1/4). Suppose 2*a - 2*v + b*v = -3, 2*v = -3*a + 8. What is the units digit of a?
6
Let z be (-4)/6 + 143/39. Suppose -2*w + v + 64 = 0, -z*w = -2*v + 5*v - 105. What is the units digit of w?
3
Let p(u) be the third derivative of -u**6/360 - u**5/12 + u**4/12 + u**3/2 + 2*u**2. Let q(w) be the first derivative of p(w). What is the tens digit of q(-9)?
1
Let o be 7 + -9 - (2 - 0). Let d be 3/(-2) + (-2)/o. What is the units digit of 4*6*d/(-3)?
8
Let u be (-300)/(-16) - 6/8. Suppose 5*z + 2 + u = 0, d - 4*z = 16. What is the units digit of -1*(1 + d - 7)?
6
Suppose -4*h + h = -72. Let r = 38 - h. What is the tens digit of r?
1
Suppose -3*x - 2 = 7. Let d be 26/(-8) - (-1)/4. What is the units digit of (x + 6)/((-1)/d)?
9
Let z(y) = y**3 + 12*y**2 + 8*y - 2. What is the units digit of z(-11)?
1
Suppose -20 = -4*i + 5*h, -16 = 2*i + 3*h + h. Suppose -6*m + 3*m + 27 = i. Suppose 2*q + q = m. What is the units digit of q?
3
Let x = 224 + -94. What is the tens digit of x?
3
Suppose -5*k + 160 = -355. What is the units digit of k?
3
Let q(n) = -n + 16. Suppose 3*c = -4*l + 29, -3*l + 2*l + 2 = 0. Let i = -7 + c. What is the units digit of q(i)?
6
Let d(r) = 9*r + 12 - 3*r**2 - 3*r**2 - 5*r**2 + r**3. What is the units digit of d(10)?
2
Suppose -4*a - 14 + 6 = -4*u, 4 = 4*a - u. Suppose a*n - 3*n + 5*w - 8 = 0, -2*n + 5*w = 6. What is the units digit of n?
2
Let o be 6/27 + 34/9. Suppose 1 - 3 = -4*y + 5*k, 2 = k. Suppose -o*p + 3*z + 13 = 0, y*z - 4*z + 5 = p. What is the units digit of p?
4
Let y = 7 + -4. Suppose -3*c - y*w + 19 = -w, -15 = -3*w. What is the units digit of c?
3
Let s = 16 + 4. Suppose -s = -7*t + 2*t. What is the units digit of 28/6 - t/6?
4
Suppose -139 - 37 = -4*p. What is the units digit of p?
4
Let t(x) be the first derivative of -x**2 + 0*x + 0*x**3 + x**3 + 2*x + 2. What is the tens digit of t(2)?
1
Let b = 14 + 22. Let k = 77 - b. What is the units digit of k?
1
Let o be 306/(-85)*40/3. Let t = 96 + o. What is the units digit of t?
8
Let l(c) = 8*c**2 + 2*c - 2. What is the tens digit of l(2)?
3
What is the units digit of (-3 + 1239/(-15))/((-2)/5)?
4
What is the units digit of (-3 + 8)*(-454)/(-10)?
7
Let t = 7 + -4. Suppose -2*s + 18 = 5*l - 17, l - 85 = -t*s. Suppose w = -4*w + s. What is the units digit of w?
6
Let x(b) = 3*b - 18. Let c(t) = t - 9. Let z(r) = 5*c(r) - 2*x(r). What is the units digit of z(-13)?
4
Suppose z - w - 4 + 5 = 0, -4*w + 40 = 5*z. Let o(l) = 4 - l + 2*l - 1 - 2. What is the units digit of o(z)?
5
Let v = -47 - -120. Suppose -2*j = -v - 37. Suppose 4*t = -t + j. What is the tens digit of t?
1
Let c be (3/(-2))/((-1)/(-2)). Let b(j) = -j**3 + 7*j**2 - 5*j - 3. Let w be b(6). What is the units digit of w/((-2)/10*c)?
5
Let c(j) = -j**3 - 9*j**2 - 11*j - 9. Suppose x + 32 = -3*x. What is the tens digit of c(x)?
1
Suppose -1 = -r + 1. What is the units digit of r?
2
Suppose 0 = 4*u - 8, 2*u + 12 = 5*q - 2*u. Suppose -3*t + 5*p = -60, 8*p - 80 = -q*t + 5*p. What is the units digit of t?
0
Suppose 14 = -q + 41. What is the units digit of q?
7
Let y(f) = -32*f + 4. What is the hundreds digit of y(-3)?
1
Let f(t) = -t**3 - t**2 - t. Let h(i) = -6*i**3 + i**2 - i + 7. Let v(l) = -5*f(l) + h(l). What is the tens digit of v(6)?
3
Let x = -84 - -123. What is the tens digit of x?
3
Let v = -166 + 247. What is the units digit of v?
1
Suppose 3*p = -j + 154 + 54, -4*p + 277 = j. What is the tens digit of p?
6
Let w(f) = f**3 - 4*f**2 + 3*f. Let c be w(3). Let m = c - -3. Suppose 2*x + x = -12, 2*u + m*x + 10 = 0. What is the units digit of u?
1
Let u(w) = -w**2 + w - 6. Let r be -1*(1 - 1)*1. Let i be u(r). Let o(y) = -y**2 - 8*y - 2. What is the tens digit of o(i)?
1
Let u(z) = 7*z + 10*z + 7 + 3*z**2 - 20*z. What is the units digit of u(3)?
5
Let p be -12*(3/12 - 2). Let q(c) = -c**2 - c + 2. Let n be q(3). Let t = n + p. What is the tens digit of t?
1
Suppose -177 - 3 = -5*s. Suppose -5*j + j = -s. Suppose 5*x - 6 - j = 0. What is the units digit of x?
3
Suppose 449 = 12*x - 10*x - 5*p, 4*x - p - 943 = 0. What is the tens digit of x?
3
Let t(q) = q**3 - 6*q**2 - 5*q - 9. Let k be t(7). Suppose k*n = 2*n + 54. What is the tens digit of n?
1
Suppose 3*d - 399 = -93. Suppose s + d = 4*w, -3*w - 3*s + 10 = -59. What is the tens digit of w?
2
What is the hundreds digit of (-18)/(-12)*948/9?
1
Suppose -5*o + 457 = -158. What is the units digit of o?
3
Let k be ((-8)/(-2))/(-2)*-1. What is the tens digit of (63/6 + -1)*k?
1
Suppose -a + 5 = -3*p, 0 = 2*a - 5*p - 4 - 1. Let z = a - -13. Let y = z - -15. What is the units digit of y?
8
Let f be 0 - 3*(1 - -1). Let c be (-14)/(-5) - f/30. Suppose 2*p = c*p - 14. What is the units digit of p?
4
Let x(w) = w**3 + 5*w**2 + 3*w + 3. Let c be x(-3). Suppose -2*m = 4*t + t + c, 3*t + m = -7. Let n = 3 - t. What is the units digit of n?
5
Suppose -u + 2*z = z - 90, 0 = -4*u + z + 372. What is the tens digit of u?
9
Let d = -369 + 548. What is the hundreds digit of d?
1
Suppose -4*l - 3 = -l. Let b(h) = 40*h**2 + 1. What is the tens digit of b(l)?
4
Let v be (-7)/(-2) + 2/(-4). Suppose 5*a = 2*x + 3 + v, -5*a - x = -12. What is the units digit of a?
2
Let b = 3 + 2. Suppose 7*a - b*a - 4 = 0. What is the tens digit of a*7/3*3?
1
Let i be (-2 + 1 + 1)/(-2). Suppose 0 = a - 3 - i. Suppose -q + 5*p = -24, -a*q - 3*p + 9 = -9. What is the units digit of q?
9
Suppose -6*m + 11 = -1. What is the units digit of m?
2
Let t be (1 + 0/2)/1. Suppose t = d - 1. Suppose 7*y + a = d*y + 18, -3*a = 4*y - 21. What is the units digit of y?
3
Suppose 145 = -5*h + 480. What is the tens digit of h?
6
Let h = -488 + 882. What is the tens digit of h/11 - 12/(-66)?
3
Let o(z) = z - 1. Let i be o(4). Suppose 8 =